 + 1 - 5 + 0*t + 62*t**2. Let r be w(1). Let a = 144 - r. Is a prime?
False
Suppose -5*z + 62257 = s, 0*s - 186839 = -3*s + 2*z. Is s composite?
True
Let k be 9/18 - (-1)/(-2). Let g(c) = -2*c**2 - 4*c + 2073. Is g(k) a composite number?
True
Let p = 97212 + -38623. Is p prime?
False
Let i be ((-30)/20)/(1/2). Let p be (2 + 5)/(4 + i). Suppose -524 = -p*b + 3*b. Is b a composite number?
False
Suppose 99*k - 21*k - 4964466 = 0. Is k composite?
False
Let x(p) = p**3 - 6*p**2 + 14*p - 3. Let g be x(4). Let s(z) = z**2 + 6*z - 52. Is s(g) prime?
False
Let r(s) = -s**3 - 5*s**2 - 10*s - 7. Let k(u) = u**3 + 5*u**2 + 9*u + 7. Let y = -1 + -4. Let w(q) = y*k(q) - 4*r(q). Is w(-6) a composite number?
False
Suppose -11247 = -4*s + 17629. Is s a prime number?
True
Let b be (-3)/(((-84)/16)/7). Suppose 2*m + 77 = -3*s, -54 = 2*s - 0*m + b*m. Is 2/(-10) + (-4680)/s a composite number?
True
Suppose -z - 10*z = -1056. Suppose 3*k = -5*j + 77, 4*k = 3*j - 8*j + z. Is k composite?
False
Let b(v) = 5 + 2*v**2 - v**3 + 51*v + 2*v**2 - 2 - 54*v. Let g be b(3). Suppose g*u - 2*u = 497. Is u a prime number?
False
Suppose -4*s = -d - 2*d - 47, s - 5*d = 33. Suppose -2*c + 2 = s. Is (c/9)/((-1)/318) a composite number?
True
Let u be (52 - -1) + 75/25. Let l be 3/(-7) + 71200/u. Suppose -5*d - 3*r = -1267, -5*d + l = -0*r + 4*r. Is d prime?
True
Let i = 10201 + -6324. Is i prime?
True
Suppose 4*i = t + 11144, 2*i = -0*i - 3*t + 5586. Let q = i - 634. Is q composite?
False
Let o = -52 - -54. Suppose -328 = -o*c - 3*u + 769, 3*u = 3*c - 1608. Is c a prime number?
True
Let m(s) = -s**3 - 2*s**2 + s - 1. Let w be m(-3). Suppose 4*x - 72 = w*k, -42 - 7 = -5*x - 4*k. Is x composite?
False
Let l(d) = d**3 + 2*d**2 - 9*d + 16. Let t be l(-5). Let n(f) = -f**3 - 4*f**2 + f + 3. Is n(t) prime?
True
Let c(m) = m**2 + 31*m - 121. Is c(-38) prime?
False
Let k be (-20)/30*(-15)/2. Suppose k*p = 5*z - 305, 6*z = 5*z - 4*p + 51. Suppose m + 4*f - z = 0, m + 5*f = -19 + 81. Is m a prime number?
True
Suppose 3*p - 1 = 14, 4*p = q + 19. Let k = q + 4. Suppose -k*h = -37 + 7. Is h composite?
True
Let m be -1 - ((-18)/4 - (-11)/(-22)). Suppose -5*y = 2*a - 288, 4*a + m*y = 3*a + 141. Is a a prime number?
True
Let o = -62 + 249. Is o composite?
True
Let h(o) = o**3 + 4*o**2 + 2*o. Let c be h(-3). Suppose -c*p - 24 = -5*z, -2*z + 9 = 4*p - 5*p. Suppose x - 6*x + 792 = t, 480 = z*x - t. Is x prime?
False
Let u(s) = -s + 13. Let j be u(4). Let o(y) = 135*y + 46. Is o(j) a composite number?
True
Let x be -4*-5*1/4. Suppose 0 = -x*p + 1105 - 320. Is p a prime number?
True
Let h be (26/36 + (-2)/9)*0. Is 19170/5 + (h - -1) - 2 composite?
False
Let h(j) = -j**3 + 19*j**2 - 22*j + 35. Is h(16) prime?
False
Let d(o) = -6678*o - 526. Is d(-4) a prime number?
False
Suppose 0 = -3*i + 2*k + 1051, -4*k - 18 - 2 = 0. Is i a composite number?
False
Suppose 0 = 4*c + 2*h - 52176, c = 30*h - 35*h + 13035. Is c a prime number?
False
Let c(w) = -3*w - 1. Let d be c(-4). Let j = d + -6. Suppose -j*l = -2*l - 147. Is l prime?
False
Let n be ((-16)/6)/(5 + 16/(-3)). Let d = 42 - n. Is d a prime number?
False
Suppose g = -3*g - 508. Let n be (-1)/(-6)*3*-472. Let h = g - n. Is h a prime number?
True
Let j = 17 + -4. Let k = j - 10. Is (-1405)/(-3) + 2/k a composite number?
True
Let f(p) = -41*p**3 + 5*p + 3. Let l(v) = -v - 1. Let a(g) = f(g) + 3*l(g). Let t be a(-3). Suppose t = -2*d + 5*d. Is d composite?
False
Let n = 609 - -22. Is n a composite number?
False
Let c(q) = 4*q - 26. Let g be c(7). Suppose -a + g - 6 = 0, -2673 = -3*s + 3*a. Is s prime?
True
Let x = 1717 - 630. Is x a prime number?
True
Suppose -2*b - 15 = -7*b. Let j be b*(4 + -2 + -1). Suppose 5*p + j*a - 376 = 0, -3*p + 240 = -8*a + 5*a. Is p a composite number?
True
Let j(o) = -294*o**2 + o - 4. Let i be j(5). Let y = -4427 - i. Is y/18 - 4/(-6) composite?
False
Suppose 5*a + 5*o + 974 = 3409, 3*a = -4*o + 1456. Let q(r) = r**3 - 3*r**2 + 10*r - 7. Let y be q(9). Suppose -a = -h + y. Is h composite?
False
Let z = 7227 - -726. Suppose 4*k - 11544 = -5*a, 2*a + z + 6477 = 5*k. Suppose m = -5*m + k. Is m a prime number?
False
Let q = 9 - 12. Let f be 3*-1*(-1828)/q. Is (-1)/(-3) + f/(-6) prime?
False
Let x be ((-10)/(-3))/((-5)/15). Let o(q) = q + 12. Let m be o(x). Suppose 2540 = -m*d + 6*d. Is d composite?
True
Let a = 345 - -48. Is a prime?
False
Suppose -j + 4*j + 28 = l, 3*j - 12 = 0. Let f = l + 79. Is f composite?
True
Let z(f) = -9*f**3 + 3*f**2 - 4*f - 3. Is z(-6) composite?
True
Let y(l) = -5*l**3. Let q be y(-1). Suppose q*n = 4*n - 1. Is 20/(-4)*-10 + n a composite number?
True
Let c(y) = 2*y**3 - 7*y**2 + 11*y - 71. Is c(9) a composite number?
False
Let z = -991 - -1880. Is z composite?
True
Let t(a) = 2*a**3 - 4*a + 7. Suppose -m + 17 = 4. Suppose 0 = 9*c - m*c + 20. Is t(c) composite?
True
Suppose 0*k - 2 = -k. Let c(g) = -9*g + 162*g**2 + 330*g**k + 9*g + 1. Is c(-1) prime?
False
Let m = -1 + 4. Suppose -4*x = v - 338, 0 = 2*v - m*x - x - 616. Suppose 2*k = v + 340. Is k prime?
False
Suppose 0 = -7*j - 629 + 1777. Let x = -133 + j. Is x composite?
False
Suppose 4*n + 4*p - 23746 = 2*p, 2*p = -3*n + 17807. Is n prime?
True
Let d = 9 - 7. Suppose -9 = i + 3*s, -3*s + 3 - 12 = -d*i. Suppose i = -2*v - 0*v + 1338. Is v composite?
True
Let l = 133 - 68. Suppose -3*n = 2*b + 66, 6*n - 5*b = 2*n - l. Is (185/20)/((-1)/n) a prime number?
False
Let j be ((-132)/24)/((-1)/2). Let w(m) = -m**3 + 14*m**2 - 5*m - 9. Is w(j) a composite number?
True
Suppose 4*p - 4057 = 4155. Is p a composite number?
False
Let s(p) = -7*p**3 - 3*p**2 + 8*p - 6. Let n(y) = 20*y**3 + 9*y**2 - 23*y + 17. Let v(q) = 6*n(q) + 17*s(q). Let t be -1 - 3/((-3)/(-2)). Is v(t) prime?
False
Is 76/6*2832/32 a composite number?
True
Suppose -5*v - 5*b - 4 = 1, b = 3*v - 9. Suppose -5*n - 5*m + 263 = 73, -v = -2*m. Is n a prime number?
True
Let f(b) = -71*b**3 + 3*b**2 - 8*b - 19. Is f(-3) composite?
False
Suppose -2*t + 2353 = -44483. Suppose -t = k - 7*k. Is k prime?
False
Let u = -91561 + 168552. Is u prime?
True
Let m(c) = -210*c - 28. Let b be m(-5). Let v = 1935 - b. Is v a composite number?
True
Suppose -3*q - 212 - 685 = 0. Let b = q + 721. Suppose k + b = 3*k. Is k prime?
True
Is (-21)/(-14)*62700 - -1 composite?
True
Let s = -6 + 9. Suppose 895 = 8*a - s*a. Is a composite?
False
Let n be 80/32 - 3/(-2). Suppose 1 = 3*f + n*k, k + 11 = 4*f - f. Suppose 4*g = -6*u + 3*u + 1173, f*u - 2*g - 1173 = 0. Is u prime?
False
Suppose 5*f = 6*f - 3*f. Suppose -3*n = 5*v - 998, f = -v - 0*v + 4*n + 195. Is v prime?
True
Let l(g) be the third derivative of 37/24*g**4 - 4*g**2 + 0*g + 0 + 0*g**3. Is l(5) a prime number?
False
Let b = -50780 - -33557. Is b/(-9) + ((-50)/15)/5 composite?
False
Let u(l) = -22*l**3 + 2*l**2 - l + 8. Let f be ((-2)/(-3))/((-16)/120). Is u(f) a prime number?
False
Let r be (19/(-8)*-2)/((-23)/(-92)). Suppose -r*m - 11588 = -23*m. Is m a prime number?
True
Let t(v) = 1353*v - 10. Is t(3) a prime number?
True
Let t be -6*4*2/(-12). Suppose t*b - 2*h = 1588, 5*b - 3*h = 394 + 1593. Suppose 5*a - b = 170. Is a composite?
False
Let z(r) = -98*r + 69. Is z(-13) composite?
True
Suppose -3*j + 2*y - 5442 = -18622, -4*j + 17588 = y. Suppose 0*i + 4*i - j = 0. Suppose 2*z + 661 = 3*c, -3*c = 2*c - 4*z - i. Is c a prime number?
True
Let n = -21 - -31. Suppose 5*k + 1465 = n*k. Is k prime?
True
Let n be 11700/70*14/2. Let c = -731 + n. Is c a prime number?
True
Suppose 2*v - 3*d = 14784, 6*v - 4*v = -5*d + 14816. Suppose s = -r - 248 + 2716, 3*r + v = 3*s. Is s a prime number?
True
Suppose 15 = -5*h, 15 + 86 = 2*j + 3*h. Let l = 138 - j. Suppose -f + l = 16. Is f prime?
True
Suppose -7*j + 55 = 4*j. Suppose -j*s = -1697 - 1238. Is s a prime number?
True
Let z = 219 + -425. Let r(x) = x**2 - 22*x + 25. Let i be r(12). Let c = i - z. Is c composite?
True
Let v = -10 + 21. Let u = v - 8. Suppose -5*o - 5*i = -975, 4*o = i + u*i + 748. Is o a prime number?
True
Suppose -133*t = -104*t - 164401. Is t prime?
True
Let h(u) = 338*u**2 - 37*u + 41. Is h(-10) a composite number?
False
Let z be (6/(-9))/(12/(-36)). Let g(r) = r**2 - r + 4. Let l be g(0). Suppose l*u - 268 = z*u. Is u prime?
False
Let l = 3562 - 753. Is l a prime number?
False
Let r be 3/3 + -5 + -19398